e 9, what is 234 + -2237?
-2003
In base 7, what is -265 - -4032?
3434
In base 2, what is 10001011100 - -11101?
10001111001
In base 6, what is -1041324 + -1?
-1041325
In base 8, what is -1240016 - 2?
-1240020
In base 5, what is -32300211 + 2?
-32300204
In base 6, what is 3 + -53005230?
-53005223
In base 11, what is 2 - 1922?
-1920
In base 15, what is 5 - -9ddc?
9de2
In base 15, what is 60 + -3a6a?
-3a0a
In base 16, what is -c + 2cd?
2c1
In base 7, what is 120645 - 0?
120645
In base 15, what is -4 - -bd02?
bced
In base 15, what is b - -33e70?
33e7b
In base 7, what is 34665000 - -3?
34665003
In base 12, what is 102 - -4bb?
601
In base 15, what is 1 + -bea?
-be9
In base 3, what is 2011 + -102210?
-100122
In base 6, what is 2301 + 32?
2333
In base 2, what is -10010010001001011100 + 100?
-10010010001001011000
In base 12, what is -1b667 + 0?
-1b667
In base 13, what is -10b + a4?
-37
In base 7, what is 400 - -101?
501
In base 5, what is -22132244 - -1?
-22132243
In base 9, what is -1 - 24212?
-24213
In base 5, what is 12030 - 12?
12013
In base 3, what is 2001200020 + -12?
2001200001
In base 5, what is 11321421 - -4?
11321430
In base 2, what is -11010101101011011 + -10?
-11010101101011101
In base 10, what is -7 - -2827?
2820
In base 4, what is -10321 + -121332?
-132313
In base 16, what is 10 - -e1?
f1
In base 15, what is 4 - -414?
418
In base 4, what is -10 - 1023113?
-1023123
In base 12, what is 213 - -18b8?
1b0b
In base 12, what is -180044 - 2?
-180046
In base 3, what is -1121111 + 1202210?
11022
In base 7, what is 11 + 426?
440
In base 10, what is 3 - -10077?
10080
In base 12, what is 223675 - 4?
223671
In base 10, what is -8 + 212?
204
In base 16, what is 3 - -19c0f?
19c12
In base 15, what is -426 - -9?
-41c
In base 8, what is 563 + 1155?
1740
In base 15, what is 1b + 4b?
67
In base 9, what is 37 - -1831?
1868
In base 7, what is 511 - 4254?
-3443
In base 2, what is -11000001101011 + -10100?
-11000001111111
In base 6, what is -300311 + 4?
-300303
In base 16, what is -c6 + 21a2?
20dc
In base 3, what is 1002022122 + 11?
1002022210
In base 5, what is -220403 + -12?
-220420
In base 5, what is -1032112 + 11?
-1032101
In base 7, what is -235630 + -24?
-235654
In base 5, what is -14143 + 2214?
-11424
In base 9, what is 2468 - 186?
2272
In base 9, what is 65 - -1527?
1603
In base 5, what is 10024023 - -1?
10024024
In base 16, what is dc - -8?
e4
In base 14, what is 38d + 133c?
16cb
In base 15, what is -19d50 - 2?
-19d52
In base 9, what is 1 - 23482?
-23481
In base 6, what is -4055 + -14?
-4113
In base 4, what is 32033122 + 12?
32033200
In base 9, what is -248051 - 2?
-248053
In base 11, what is 4 + 103a7?
10400
In base 10, what is -2 - 67482?
-67484
In base 14, what is 48 + -d0?
-86
In base 2, what is 101011101 + 100101011?
1010001000
In base 6, what is 400254 - -2?
400300
In base 6, what is 5 - 3424?
-3415
In base 13, what is -1426 - -4?
-1422
In base 4, what is 0 + -300020?
-300020
In base 13, what is -4 + 21b9?
21b5
In base 2, what is -1011010111 + 100000111110?
10101100111
In base 3, what is -22002110 + -112220?
-22122100
In base 5, what is 2 - -110333?
110340
In base 5, what is -1200333 + -1?
-1200334
In base 3, what is 22012 - -1212112?
2011201
In base 11, what is 0 - -1207?
1207
In base 12, what is 4583a9 + 2?
4583ab
In base 16, what is -2527a - -2?
-25278
In base 14, what is -85732 - 0?
-85732
In base 15, what is -375 - -c?
-368
In base 12, what is -5 + -a855?
-a85a
In base 14, what is 515 + 1c?
533
In base 11, what is 6 - -2066?
2071
In base 10, what is 2169569 - 0?
2169569
In base 2, what is 111011011001001 + -110?
111011011000011
In base 8, what is 741510 + -6?
741502
In base 8, what is -3 + -511277?
-511302
In base 11, what is -a83 + 220?
-863
In base 7, what is 4351 + -30?
4321
In base 15, what is -1 - 5376?
-5377
In base 3, what is 11110202000 + 10?
11110202010
In base 10, what is -810611 - 0?
-810611
In base 6, what is -30542 - 3?
-30545
In base 13, what is 10301 - 13?
102bb
In base 6, what is -221 + -5513?
-10134
In base 10, what is 3159 - 1?
3158
In base 12, what is -1b2093 + -2?
-1b2095
In base 12, what is -13005 + 1?
-13004
In base 14, what is 788b + -9?
7882
In base 3, what is 12122 - 212121?
-122222
In base 15, what is 0 - b71?
-b71
In base 8, what is 13226 + -126?
13100
In base 2, what is -10101101111101110 + -101?
-10101101111110011
In base 5, what is -10 - -41432122?
41432112
In base 11, what is 4 + -77049?
-77045
In base 10, what is 10652 + 1?
10653
In base 9, what is 15 - 3542?
-3526
In base 8, what is 5620 + -51?
5547
In base 15, what is -63ae + 6c?
-6342
In base 6, what is -114252 + 12?
-114240
In base 5, what is 14 + -343?
-324
In base 13, what is -13b8 + -24?
-140c
In base 9, what is 33 + 14614?
14647
In base 13, what is -4 + 27a?
276
In base 8, what is 2216 + -3527?
-1311
In base 7, what is -26 - 11400?
-11426
In base 3, what is 100210021 - 201?
100202120
In base 11, what is -519 - -396?
-133
In base 4, what is -22 - 2311223?
-2311311
In base 6, what is 214123 - -5?
214132
In base 15, what is 6d717 + -1?
6d716
In base 9, what is 2 - 1845726?
-1845724
In base 16, what is 15d2 + b?
15dd
In base 15, what is 2 - -a2e8a?
a2e8c
In base 12, what is -4 + -682b?
-6833
In base 16, what is -4 + 220b?
2207
In base 10, what is -88307 + 0?
-88307
In base 6, what is -121 - 12131?
-12252
In base 9, what is -6 - -352?
345
In base 7, what is 1356 - -136?
1525
In base 3, what is -1201001 + 12211121?
11010120
In base 16, what is 237f2 - 5?
237ed
In base 2, what is 101100111 + -1100?
101011011
In base 4, what is -1 + -11221?
-11222
In base 8, what is 633663 + 5?
633670
In base 5, what is -101130 + 1?
-101124
In base 10, what is 53 + 949?
1002
In base 12, what is -783 + 18?
-767
In base 10, what is 16941 + -34?
16907
In base 3, what is -11 + -1102100121?
-1102100202
In base 15, what is -14104 + 5?
-140ee
In base 14, what is -328 - -1423?
10d9
In base 9, what is -2526 + -62?
-2588
In base 15, what is 5 - -39484?
39489
In base 15, what is -24 + 302b7?
30293
In base 8, what is 2 - -2335?
2337
In base 15, what is 24780 + 9?
24789
In base 7, what is 3 - 3635544?
-3635541
In base 13, what is 5 + 19726?
1972b
In base 10, what is 10 - -2524?
2534
In base 6, what is 20112 - -1?
20113
In base 12, what is -16008 - 4?
-16010
In base 14, what is -78 + -489?
-523
In base 10, what is 2 - -146512?
146514
In base 13, what is 4 - 67219?
-67215
In base 7, what is 402 - -25?
430
In base 10, what is 256658 + 2?
256660
In base 4, what is 200133333 + -13?
200133320
In base 3, what is -112021121 - 0?
-112021121
In base 9, what is 53 + 4513?
4566
In base 16, what is 164 + -8c?
d8
In base 13, what is 3595 + -4?
3591
In base 6, what is -53 - -3205?
3112
In base 7, what is 2 + 122215?
122220
In base 10, what is -4 + -18360?
-18364
In base 5, what is -3 - -34144?
34141
In base 3, what is 200202002 + -1112?
200200120
In base 16, what is 77c - 3f0?
38c
In base 2, what is 11 - 1000001000000001110?
-1000001000000001011
In base 2, what is 110 + 10110110100011?
10110110101001
In base 7, what is 2350 + -1052?
1265
In base 4, what is 33 - 131133?
-131100
In base 8, what is -4 - 16464?
-16470
In base 16, what is -37 + 253?
21c
In base 7, what is 25 + 2144?
2202
In base 3, what is 101010211021 - 2?
101010211012
In base 16, what is 48423 + -2?
48421
In base 15, what is -17 + -a3d?
-a55
In base 11, what is 174 + -29?
146
In base 9, what is -5672 - 60?
-5742
In base 5, what is -3444 + -3132?
-12131
In base 5, what is -30422201 - 1?
-30422202
In base 6, what is -25 - 2225?
-2254
In base 12, what is 12149 + 3?
12150
In base 16, what is ec1ab - 0?
ec1ab
In base 5, what is 4 + -1100340?
-1100331
In base 3, what is 10 - 20202210010?
-20202210000
In base 7, what is 0 + -152505?
-152505
In base 5, what is 42043 - -3?
42101
In base 14, what is 5c3 + 2?
5c5
In base 8, what is -13754 + 57?
-13675
In base 15, what is 1a9866 - 4?
1a9862
In base 7, what is 12345 + 1101?
13446
In base 16, what is -7 + 999?
992
In base 11, what is 8 - -174850?
174858
In base 13, what is -5 - -8a06?
8a01
In base 15, what is -1b - -51ae7?
51acb
In base 6, what is -2013142 - -45?
-2013053
In base 12, what is -2 - 155b1?
-155b3
In base 7, what is 5 + 200421?
200426
In base 13, what is 8b - 8c?
-1
In base 15, what is -c3